 = -1 - -4. Let u(d) = 17*d + 2. Calculate the remainder when u(m) is divided by b.
17
Let n(c) = 2*c**2 + c + 4. Let q be n(0). Suppose -3*v + 315 = -q*l + 107, -2*v + 2*l + 136 = 0. What is the remainder when v is divided by 22?
20
Let a = 49 - 28. Calculate the remainder when a is divided by (5 + 26/(-3))*(-4 + 1).
10
Suppose 137*m = 134*m + 54. Suppose 4*h - 25 + 9 = 0. Suppose -g = 2*b - 71, -b = h*b - 5*g - 155. Calculate the remainder when b is divided by m.
16
Calculate the remainder when 1/((-14)/2975)*12/(-6) is divided by 84.
5
Suppose 312*k + 72 = 313*k. What is the remainder when k is divided by 67?
5
Let f = -15 + 12. Let g = f - -49. Calculate the remainder when 227 is divided by g.
43
Let o(m) = 97*m**2 + 16*m - 1. What is the remainder when 1918 is divided by o(-1)?
78
Calculate the remainder when (2 - 0) + (-75)/(-45)*129 is divided by 70.
7
Let u(f) = -f**3 + f**2. Let r(h) = -6*h**3 - 5*h**2 - 5*h - 2. Let p(b) = r(b) - 3*u(b). Calculate the remainder when p(-4) is divided by 28.
26
Let f(t) = -8*t - 6. What is the remainder when (-40)/15*(2 + 3 + -53) is divided by f(-4)?
24
Calculate the remainder when 137 + ((-14)/(-4) - (-33)/(-22)) is divided by 47.
45
Let g(j) be the first derivative of j**4/4 + 9*j - 63. Let q = -1 + 1. What is the remainder when 35 is divided by g(q)?
8
Suppose 5*p = -3*z - 16, 6*p + 24 = 3*z + 3*p. Suppose z*l = -5*c + 132, c - 242 = -4*l - l. Calculate the remainder when l is divided by -26*((-15)/6)/5.
10
Suppose -3*o + 12 = 0, 2*s + o = 88 + 190. Calculate the remainder when s is divided by 65.
7
What is the remainder when 76 is divided by (152/(-24) + 6)*-120?
36
Let v(f) = -f**3 + 9*f**2 + 16*f - 24. Suppose 19*h = 12*h + 70. What is the remainder when v(h) is divided by 20?
16
Let h = -344 + 350. What is the remainder when 34 is divided by h?
4
Suppose 0*d = -6*d + 1506. What is the remainder when d is divided by 28?
27
Suppose -2 = 2*p - 10, -5*g + 5*p = -10. What is the remainder when (-18)/(-63) - 369/(-7) is divided by g?
5
Let t(j) = j**2 + 15*j + 13. Let o be t(-15). Suppose o + 20 = v. Calculate the remainder when v is divided by 9.
6
Let b = 322 + -260. What is the remainder when 677 is divided by b?
57
Let v(w) = -16*w - 41 + 3*w + 38. Calculate the remainder when v(-5) is divided by 16.
14
Let w = 2 + 1. Suppose 5*z - w*s + 12 = 0, -1 = -4*s + 15. Suppose -f + 5*m + 8 = z, -5*f + 4*m + 15 + 46 = 0. What is the remainder when f is divided by 5?
3
Suppose 3*s = -2*j + 29, -2*j + 23 = s + 4. Suppose h + 4*h - 65 = 0. Suppose 0 = -k - 0*k + h. What is the remainder when k is divided by j?
6
Let x(g) = g**2 + 9*g + 13. Let o be x(-13). Let a = -50 + o. Calculate the remainder when 58 is divided by a.
13
Let q be 285/(-3)*(-36)/30. Suppose 4*h - q = 18. Calculate the remainder when 131 is divided by h.
32
Suppose 0 = 2*t + 3*t - 620. Let n = 3182 + -3150. What is the remainder when t is divided by n?
28
What is the remainder when 15 is divided by (-51)/(-12) + 19/(-76)?
3
What is the remainder when (13/((-13)/237))/((-2)/2) is divided by 45?
12
Let x = 171 - 121. What is the remainder when x is divided by 20?
10
Let o be ((-92)/4)/((-1)/(-2)). Let f = 68 + o. Let a(b) = 2*b**2 - 3*b - 3. Calculate the remainder when f is divided by a(3).
4
Suppose -2*z - 8 + 6 = o, -z - o - 3 = 0. Calculate the remainder when 1 is divided by z.
0
Let o(w) = w**2 + 2*w + 124. Let z be o(0). Suppose 3*k = -9, z = 4*m - 2*k + 6*k. What is the remainder when m is divided by 7?
6
Let h = -47 + 48. Suppose 0 = -2*c - c + 15. Calculate the remainder when ((-1)/3)/(h/(-27)) is divided by c.
4
Let t = 1664 - 1636. Calculate the remainder when 585 is divided by t.
25
Suppose 315 + 745 = 53*n. Let f(q) = -q**3 + 5*q**2 + q + 3. What is the remainder when n is divided by f(5)?
4
Let f(b) = 7*b - 1. What is the remainder when 5*(7/2)/(11/22) is divided by f(2)?
9
Calculate the remainder when 160 is divided by (1/2)/(8/(486 + 10)).
5
Suppose -650 = 56*d - 82*d. What is the remainder when 217 is divided by d?
17
Suppose 12*d = 932 - 692. Calculate the remainder when 317 is divided by d.
17
Calculate the remainder when 4 is divided by ((-15)/(-3) - 6) + 3.
0
Suppose 2*w = -2*o - 3*o + 24, -w = -5*o - 12. Calculate the remainder when w is divided by 1/5 - 192/(-40).
2
Let q = 47 - -6. Let c(n) = -6*n - 7. Let d(k) = k + 1. Let b(a) = 3*c(a) + 21*d(a). What is the remainder when q is divided by b(6)?
17
Let q be -2*(-4 - 9/(-3)). Suppose -h - 112 = -q*h. Calculate the remainder when h is divided by 23.
20
Let c(w) = -w + 9. Let k be c(5). What is the remainder when ((-21)/9 + k)/((-2)/(-84)) is divided by 36?
34
Suppose -b = -0*b + 5. Let l(m) = m**3 + 7*m**2 + 7*m + 1. Let i be l(b). Suppose -4*y - 4 = -i. Calculate the remainder when 3 is divided by y.
0
Let k = 3 + -2. Let y = 10 + k. Suppose -6*a + 10*a = -2*i + 86, -i = a - 23. What is the remainder when a is divided by y?
9
Suppose 2*g - 54 = -4*o, g = -0*o + 2*o + 7. Suppose -11 - g = 2*z. Let d = 18 + z. What is the remainder when 6 is divided by d?
2
Suppose 0 = -4*x + 3*x + 23. Let g = -43 - -18. Let t = g - -33. Calculate the remainder when x is divided by t.
7
Suppose -r + 4*t + 29 = 0, -5*r + 179 = 2*t - 5*t. Suppose 3*b + 6 = 0, 4*q - 10*b - 76 = -12*b. What is the remainder when r is divided by q?
17
Let h(m) = 6*m + 10. Let r be h(-7). Let n = -17 - r. Suppose 11*k - n = 8*k. What is the remainder when k is divided by 2?
1
Suppose -34 = -j - 2*i, -4*j + 151 = 2*i + 3*i. What is the remainder when (-4)/(-14)*(-28)/(-44)*473 is divided by j?
42
Let l = -3 - -31. Let o(t) = t**2 + 7*t + 6. Let c be o(-4). Calculate the remainder when l is divided by c*((-40)/6)/4.
8
What is the remainder when (-4)/(-2) + -6*(-184)/12 is divided by 34?
26
Let j(a) = 3*a + 8. Let o be j(-2). Suppose 17 + 39 = o*t - 2*s, 0 = 5*t - 3*s - 148. What is the remainder when 61 is divided by t?
29
Suppose 5*v = -22*s + 21*s + 325, 3*v + 2*s - 202 = 0. What is the remainder when v is divided by 33?
31
Suppose 3 + 5 = 4*u. Let n(y) = y**3 + 8*y**2 + 2*y - 1. Calculate the remainder when n(-6) is divided by u/(-10) + (-760)/(-50).
14
What is the remainder when 2816/48 - ((-70)/(-15))/7 is divided by 34?
24
Let r = -55 - -40. Let u(q) = q**3 + 16*q**2 + 12*q - 34. What is the remainder when 17 is divided by u(r)?
6
Suppose -11 = -2*c + 5. Suppose c = 2*g - 0*y + 2*y, -g = 2*y - 6. Suppose -g*f - v + 9 = -11, -5*v = -2*f + 32. What is the remainder when 19 is divided by f?
8
Suppose -370 = -5*z - q, -4*q = -2*z - 22 + 148. Calculate the remainder when 288 is divided by z.
69
Let t = -97 - -100. Let v = 15 + 7. What is the remainder when v is divided by (t/(-15) - -1)*(13 + -3)?
6
Suppose 0 = 34*t - 213 - 195. Let x(k) = -k**2 + 9*k + 8. Let v be x(9). Suppose v*h = 3*h + 175. Calculate the remainder when h is divided by t.
11
Let a(n) = -3*n**2 - 24*n - 9. Calculate the remainder when 251 is divided by a(-7).
11
Let s = 676 - 659. Calculate the remainder when 66 is divided by s.
15
Let y = -84 - -176. What is the remainder when y is divided by 24?
20
Let u = 52 - 29. Let z = u - 11. Calculate the remainder when (-2)/9 + (-1700)/(-36) is divided by z.
11
Suppose -5*j + 2*x + 2595 = 0, 2*j = 4*x + 701 + 321. Calculate the remainder when j is divided by 29.
28
Suppose 4*x + 14 - 54 = 0. Let d = 52 - x. What is the remainder when 123 is divided by d?
39
Let b(p) = 3*p**2 + 44*p + 55. What is the remainder when b(-24) is divided by 52?
51
Let b = -1354 - -1523. What is the remainder when b is divided by 59?
51
Let j = -3 - -12. Suppose -3*t - 40 = -v, 4*v = -3*t - 52 + 137. Suppose 0*b = -b + v. Calculate the remainder when b is divided by j.
7
Suppose -6*p + 10*p - 12 = 0. Suppose 4*t - 100 = -4*v, -p*t = -3*v + 2*t + 107. Let d = -32 + 47. What is the remainder when v is divided by d?
14
Calculate the remainder when 6 + (-222)/36 + (-2575)/(-6) is divided by 10.
9
Let d = -1569 + 2540. What is the remainder when d is divided by 122?
117
Let p(i) = -142*i - 8. Let d be p(-4). Suppose c + 3*c = -z + 155, 4*z + c - d = 0. What is the remainder when z is divided by 35?
34
Let u = -1 - -12. Let w = u + -8. Suppose -z + 9 = -0*z - w*j, -z + 5*j = -11. Calculate the remainder when 10 is divided b